{"id":658,"date":"2020-09-29T09:24:34","date_gmt":"2020-09-29T09:24:34","guid":{"rendered":"https:\/\/www.bon-cosmetics.at\/?page_id=658"},"modified":"2023-10-13T18:37:26","modified_gmt":"2023-10-13T16:37:26","slug":"company-details","status":"publish","type":"page","link":"https:\/\/www.bon-cosmetics.at\/?page_id=658&lang=en","title":{"rendered":"Company details"},"content":{"rendered":"\t\t<div data-elementor-type=\"wp-page\" data-elementor-id=\"658\" class=\"elementor elementor-658\" data-elementor-post-type=\"page\">\n\t\t\t\t\t\t\t\t\t<section class=\"elementor-section elementor-top-section elementor-element elementor-element-3dcc7df elementor-section-boxed elementor-section-height-default elementor-section-height-default\" data-id=\"3dcc7df\" data-element_type=\"section\">\n\t\t\t\t\t\t<div class=\"elementor-container elementor-column-gap-default\">\n\t\t\t\t\t<div class=\"elementor-column elementor-col-100 elementor-top-column elementor-element elementor-element-1279800\" data-id=\"1279800\" data-element_type=\"column\">\n\t\t\t<div class=\"elementor-widget-wrap elementor-element-populated\">\n\t\t\t\t\t\t\t\t<div class=\"elementor-element elementor-element-a76dbaa elementor-widget elementor-widget-spacer\" data-id=\"a76dbaa\" data-element_type=\"widget\" data-widget_type=\"spacer.default\">\n\t\t\t\t<div class=\"elementor-widget-container\">\n\t\t\t<style>\/*! elementor - v3.15.0 - 20-08-2023 *\/\n.elementor-column .elementor-spacer-inner{height:var(--spacer-size)}.e-con{--container-widget-width:100%}.e-con-inner>.elementor-widget-spacer,.e-con>.elementor-widget-spacer{width:var(--container-widget-width,var(--spacer-size));--align-self:var(--container-widget-align-self,initial);--flex-shrink:0}.e-con-inner>.elementor-widget-spacer>.elementor-widget-container,.e-con-inner>.elementor-widget-spacer>.elementor-widget-container>.elementor-spacer,.e-con>.elementor-widget-spacer>.elementor-widget-container,.e-con>.elementor-widget-spacer>.elementor-widget-container>.elementor-spacer{height:100%}.e-con-inner>.elementor-widget-spacer>.elementor-widget-container>.elementor-spacer>.elementor-spacer-inner,.e-con>.elementor-widget-spacer>.elementor-widget-container>.elementor-spacer>.elementor-spacer-inner{height:var(--container-widget-height,var(--spacer-size))}<\/style>\t\t<div class=\"elementor-spacer\">\n\t\t\t<div class=\"elementor-spacer-inner\"><\/div>\n\t\t<\/div>\n\t\t\t\t<\/div>\n\t\t\t\t<\/div>\n\t\t\t\t\t<\/div>\n\t\t<\/div>\n\t\t\t\t\t\t\t<\/div>\n\t\t<\/section>\n\t\t\t\t<section class=\"elementor-section elementor-top-section elementor-element elementor-element-1eacd84 elementor-section-boxed elementor-section-height-default elementor-section-height-default\" data-id=\"1eacd84\" data-element_type=\"section\">\n\t\t\t\t\t\t<div class=\"elementor-container elementor-column-gap-default\">\n\t\t\t\t\t<div class=\"elementor-column elementor-col-100 elementor-top-column elementor-element elementor-element-83dba67\" data-id=\"83dba67\" data-element_type=\"column\">\n\t\t\t<div class=\"elementor-widget-wrap elementor-element-populated\">\n\t\t\t\t\t\t\t\t<div class=\"elementor-element elementor-element-01276d3 elementor-widget elementor-widget-image\" data-id=\"01276d3\" data-element_type=\"widget\" data-widget_type=\"image.default\">\n\t\t\t\t<div class=\"elementor-widget-container\">\n\t\t\t<style>\/*! elementor - v3.15.0 - 20-08-2023 *\/\n.elementor-widget-image{text-align:center}.elementor-widget-image a{display:inline-block}.elementor-widget-image a img[src$=\".svg\"]{width:48px}.elementor-widget-image img{vertical-align:middle;display:inline-block}<\/style>\t\t\t\t\t\t\t\t\t\t\t\t<img decoding=\"async\" loading=\"lazy\" width=\"290\" height=\"290\" src=\"https:\/\/www.bon-cosmetics.at\/wp-content\/uploads\/2020\/09\/Bon-Cosmetics-Logo-black-white.png\" class=\"attachment-large size-large wp-image-357\" alt=\"\" srcset=\"https:\/\/www.bon-cosmetics.at\/wp-content\/uploads\/2020\/09\/Bon-Cosmetics-Logo-black-white.png 290w, https:\/\/www.bon-cosmetics.at\/wp-content\/uploads\/2020\/09\/Bon-Cosmetics-Logo-black-white-150x150.png 150w\" sizes=\"(max-width: 290px) 100vw, 290px\" \/>\t\t\t\t\t\t\t\t\t\t\t\t\t\t\t<\/div>\n\t\t\t\t<\/div>\n\t\t\t\t\t<\/div>\n\t\t<\/div>\n\t\t\t\t\t\t\t<\/div>\n\t\t<\/section>\n\t\t\t\t<section class=\"elementor-section elementor-top-section elementor-element elementor-element-3f3b3ad elementor-section-boxed elementor-section-height-default elementor-section-height-default\" data-id=\"3f3b3ad\" data-element_type=\"section\">\n\t\t\t\t\t\t<div class=\"elementor-container elementor-column-gap-default\">\n\t\t\t\t\t<div class=\"elementor-column elementor-col-100 elementor-top-column elementor-element elementor-element-f9ac5fe\" data-id=\"f9ac5fe\" data-element_type=\"column\">\n\t\t\t<div class=\"elementor-widget-wrap elementor-element-populated\">\n\t\t\t\t\t\t\t\t<div class=\"elementor-element elementor-element-bccbb73 elementor-widget elementor-widget-heading\" data-id=\"bccbb73\" data-element_type=\"widget\" data-widget_type=\"heading.default\">\n\t\t\t\t<div class=\"elementor-widget-container\">\n\t\t\t<style>\/*! elementor - v3.15.0 - 20-08-2023 *\/\n.elementor-heading-title{padding:0;margin:0;line-height:1}.elementor-widget-heading .elementor-heading-title[class*=elementor-size-]>a{color:inherit;font-size:inherit;line-height:inherit}.elementor-widget-heading .elementor-heading-title.elementor-size-small{font-size:15px}.elementor-widget-heading .elementor-heading-title.elementor-size-medium{font-size:19px}.elementor-widget-heading .elementor-heading-title.elementor-size-large{font-size:29px}.elementor-widget-heading .elementor-heading-title.elementor-size-xl{font-size:39px}.elementor-widget-heading .elementor-heading-title.elementor-size-xxl{font-size:59px}<\/style><h3 class=\"elementor-heading-title elementor-size-default\">Company Name: Bon Cosmetics GmbH<br>\nCompany register number: FN 601496 dm, Handelsgericht Wien\n<br>\nBusiness address: Kainzgasse 14\/15\n1170 Wien, \u00d6sterreich\n<br>\nPhone: +43 66 493 217 181\n<br>\nE-Mail: office@bon-cosmetics.at\n<br>\nVAT number: ATU79370468\n<br><\/h3>\t\t<\/div>\n\t\t\t\t<\/div>\n\t\t\t\t\t<\/div>\n\t\t<\/div>\n\t\t\t\t\t\t\t<\/div>\n\t\t<\/section>\n\t\t\t\t\t\t\t<\/div>\n\t\t","protected":false},"excerpt":{"rendered":"<p>Company Name: Bon Cosmetics GmbH Company register number: FN 601496 dm, Handelsgericht Wien Business address: Kainzgasse 14\/15 1170 Wien, \u00d6sterreich Phone: +43 66 493 217 181 E-Mail: office@bon-cosmetics.at VAT number: ATU79370468<\/p>\n","protected":false},"author":1,"featured_media":0,"parent":0,"menu_order":0,"comment_status":"closed","ping_status":"closed","template":"","meta":{"_monsterinsights_skip_tracking":false,"_monsterinsights_sitenote_active":false,"_monsterinsights_sitenote_note":"","_monsterinsights_sitenote_category":0,"site-sidebar-layout":"no-sidebar","site-content-layout":"page-builder","ast-site-content-layout":"full-width-container","site-content-style":"unboxed","site-sidebar-style":"unboxed","ast-global-header-display":"","ast-banner-title-visibility":"","ast-main-header-display":"","ast-hfb-above-header-display":"","ast-hfb-below-header-display":"","ast-hfb-mobile-header-display":"","site-post-title":"disabled","ast-breadcrumbs-content":"","ast-featured-img":"disabled","footer-sml-layout":"","theme-transparent-header-meta":"enabled","adv-header-id-meta":"","stick-header-meta":"","header-above-stick-meta":"","header-main-stick-meta":"","header-below-stick-meta":"","astra-migrate-meta-layouts":"set","footnotes":""},"yoast_head":"<!-- This site is optimized with the Yoast SEO plugin v21.3 - https:\/\/yoast.com\/wordpress\/plugins\/seo\/ -->\n<title>Company details - Innovation f\u00fcr Friseure &amp; Barbershops<\/title>\n<meta name=\"robots\" content=\"index, follow, max-snippet:-1, max-image-preview:large, max-video-preview:-1\" \/>\n<link rel=\"canonical\" href=\"https:\/\/www.bon-cosmetics.at\/?page_id=658&lang=en\" \/>\n<meta property=\"og:locale\" content=\"sk_SK\" \/>\n<meta property=\"og:type\" content=\"article\" \/>\n<meta property=\"og:title\" content=\"Company details - Innovation f\u00fcr Friseure &amp; Barbershops\" \/>\n<meta property=\"og:description\" content=\"Company Name: Bon Cosmetics GmbH Company register number: FN 601496 dm, Handelsgericht Wien Business address: Kainzgasse 14\/15 1170 Wien, \u00d6sterreich Phone: +43 66 493 217 181 E-Mail: office@bon-cosmetics.at VAT number: ATU79370468\" \/>\n<meta property=\"og:url\" content=\"https:\/\/www.bon-cosmetics.at\/?page_id=658&amp;lang=en\" \/>\n<meta property=\"og:site_name\" content=\"Innovation f\u00fcr Friseure &amp; Barbershops\" \/>\n<meta property=\"article:modified_time\" content=\"2023-10-13T16:37:26+00:00\" \/>\n<meta property=\"og:image\" content=\"https:\/\/www.bon-cosmetics.at\/wp-content\/uploads\/2020\/09\/Bon-Cosmetics-Logo-black-white.png\" \/>\n<meta name=\"twitter:card\" content=\"summary_large_image\" \/>\n<meta name=\"twitter:label1\" content=\"Predpokladan\u00fd \u010das \u010d\u00edtania\" \/>\n\t<meta name=\"twitter:data1\" content=\"1 min\u00fata\" \/>\n<script type=\"application\/ld+json\" class=\"yoast-schema-graph\">{\"@context\":\"https:\/\/schema.org\",\"@graph\":[{\"@type\":\"WebPage\",\"@id\":\"https:\/\/www.bon-cosmetics.at\/?page_id=658&lang=en\",\"url\":\"https:\/\/www.bon-cosmetics.at\/?page_id=658&lang=en\",\"name\":\"Company details - Innovation f\u00fcr Friseure &amp; Barbershops\",\"isPartOf\":{\"@id\":\"https:\/\/www.bon-cosmetics.at\/#website\"},\"datePublished\":\"2020-09-29T09:24:34+00:00\",\"dateModified\":\"2023-10-13T16:37:26+00:00\",\"breadcrumb\":{\"@id\":\"https:\/\/www.bon-cosmetics.at\/?page_id=658&lang=en#breadcrumb\"},\"inLanguage\":\"sk-SK\",\"potentialAction\":[{\"@type\":\"ReadAction\",\"target\":[\"https:\/\/www.bon-cosmetics.at\/?page_id=658&lang=en\"]}]},{\"@type\":\"BreadcrumbList\",\"@id\":\"https:\/\/www.bon-cosmetics.at\/?page_id=658&lang=en#breadcrumb\",\"itemListElement\":[{\"@type\":\"ListItem\",\"position\":1,\"name\":\"Home\",\"item\":\"https:\/\/www.bon-cosmetics.at\/\"},{\"@type\":\"ListItem\",\"position\":2,\"name\":\"Company details\"}]},{\"@type\":\"WebSite\",\"@id\":\"https:\/\/www.bon-cosmetics.at\/#website\",\"url\":\"https:\/\/www.bon-cosmetics.at\/\",\"name\":\"Innovation f\u00fcr Friseure &amp; Barbershops\",\"description\":\"Bon Cosmetics\",\"publisher\":{\"@id\":\"https:\/\/www.bon-cosmetics.at\/#organization\"},\"potentialAction\":[{\"@type\":\"SearchAction\",\"target\":{\"@type\":\"EntryPoint\",\"urlTemplate\":\"https:\/\/www.bon-cosmetics.at\/?s={search_term_string}\"},\"query-input\":\"required name=search_term_string\"}],\"inLanguage\":\"sk-SK\"},{\"@type\":\"Organization\",\"@id\":\"https:\/\/www.bon-cosmetics.at\/#organization\",\"name\":\"Innovation f\u00fcr Friseure &amp; Barbershops\",\"url\":\"https:\/\/www.bon-cosmetics.at\/\",\"logo\":{\"@type\":\"ImageObject\",\"inLanguage\":\"sk-SK\",\"@id\":\"https:\/\/www.bon-cosmetics.at\/#\/schema\/logo\/image\/\",\"url\":\"https:\/\/www.bon-cosmetics.at\/wp-content\/uploads\/2020\/09\/LOGO-Bon-Cosmetics.png\",\"contentUrl\":\"https:\/\/www.bon-cosmetics.at\/wp-content\/uploads\/2020\/09\/LOGO-Bon-Cosmetics.png\",\"width\":2480,\"height\":2438,\"caption\":\"Innovation f\u00fcr Friseure &amp; Barbershops\"},\"image\":{\"@id\":\"https:\/\/www.bon-cosmetics.at\/#\/schema\/logo\/image\/\"}}]}<\/script>\n<!-- \/ Yoast SEO plugin. -->","yoast_head_json":{"title":"Company details - Innovation f\u00fcr Friseure &amp; Barbershops","robots":{"index":"index","follow":"follow","max-snippet":"max-snippet:-1","max-image-preview":"max-image-preview:large","max-video-preview":"max-video-preview:-1"},"canonical":"https:\/\/www.bon-cosmetics.at\/?page_id=658&lang=en","og_locale":"sk_SK","og_type":"article","og_title":"Company details - Innovation f\u00fcr Friseure &amp; Barbershops","og_description":"Company Name: Bon Cosmetics GmbH Company register number: FN 601496 dm, Handelsgericht Wien Business address: Kainzgasse 14\/15 1170 Wien, \u00d6sterreich Phone: +43 66 493 217 181 E-Mail: office@bon-cosmetics.at VAT number: ATU79370468","og_url":"https:\/\/www.bon-cosmetics.at\/?page_id=658&lang=en","og_site_name":"Innovation f\u00fcr Friseure &amp; Barbershops","article_modified_time":"2023-10-13T16:37:26+00:00","og_image":[{"url":"https:\/\/www.bon-cosmetics.at\/wp-content\/uploads\/2020\/09\/Bon-Cosmetics-Logo-black-white.png"}],"twitter_card":"summary_large_image","twitter_misc":{"Predpokladan\u00fd \u010das \u010d\u00edtania":"1 min\u00fata"},"schema":{"@context":"https:\/\/schema.org","@graph":[{"@type":"WebPage","@id":"https:\/\/www.bon-cosmetics.at\/?page_id=658&lang=en","url":"https:\/\/www.bon-cosmetics.at\/?page_id=658&lang=en","name":"Company details - Innovation f\u00fcr Friseure &amp; Barbershops","isPartOf":{"@id":"https:\/\/www.bon-cosmetics.at\/#website"},"datePublished":"2020-09-29T09:24:34+00:00","dateModified":"2023-10-13T16:37:26+00:00","breadcrumb":{"@id":"https:\/\/www.bon-cosmetics.at\/?page_id=658&lang=en#breadcrumb"},"inLanguage":"sk-SK","potentialAction":[{"@type":"ReadAction","target":["https:\/\/www.bon-cosmetics.at\/?page_id=658&lang=en"]}]},{"@type":"BreadcrumbList","@id":"https:\/\/www.bon-cosmetics.at\/?page_id=658&lang=en#breadcrumb","itemListElement":[{"@type":"ListItem","position":1,"name":"Home","item":"https:\/\/www.bon-cosmetics.at\/"},{"@type":"ListItem","position":2,"name":"Company details"}]},{"@type":"WebSite","@id":"https:\/\/www.bon-cosmetics.at\/#website","url":"https:\/\/www.bon-cosmetics.at\/","name":"Innovation f\u00fcr Friseure &amp; Barbershops","description":"Bon Cosmetics","publisher":{"@id":"https:\/\/www.bon-cosmetics.at\/#organization"},"potentialAction":[{"@type":"SearchAction","target":{"@type":"EntryPoint","urlTemplate":"https:\/\/www.bon-cosmetics.at\/?s={search_term_string}"},"query-input":"required name=search_term_string"}],"inLanguage":"sk-SK"},{"@type":"Organization","@id":"https:\/\/www.bon-cosmetics.at\/#organization","name":"Innovation f\u00fcr Friseure &amp; Barbershops","url":"https:\/\/www.bon-cosmetics.at\/","logo":{"@type":"ImageObject","inLanguage":"sk-SK","@id":"https:\/\/www.bon-cosmetics.at\/#\/schema\/logo\/image\/","url":"https:\/\/www.bon-cosmetics.at\/wp-content\/uploads\/2020\/09\/LOGO-Bon-Cosmetics.png","contentUrl":"https:\/\/www.bon-cosmetics.at\/wp-content\/uploads\/2020\/09\/LOGO-Bon-Cosmetics.png","width":2480,"height":2438,"caption":"Innovation f\u00fcr Friseure &amp; Barbershops"},"image":{"@id":"https:\/\/www.bon-cosmetics.at\/#\/schema\/logo\/image\/"}}]}},"_links":{"self":[{"href":"https:\/\/www.bon-cosmetics.at\/index.php?rest_route=\/wp\/v2\/pages\/658"}],"collection":[{"href":"https:\/\/www.bon-cosmetics.at\/index.php?rest_route=\/wp\/v2\/pages"}],"about":[{"href":"https:\/\/www.bon-cosmetics.at\/index.php?rest_route=\/wp\/v2\/types\/page"}],"author":[{"embeddable":true,"href":"https:\/\/www.bon-cosmetics.at\/index.php?rest_route=\/wp\/v2\/users\/1"}],"replies":[{"embeddable":true,"href":"https:\/\/www.bon-cosmetics.at\/index.php?rest_route=%2Fwp%2Fv2%2Fcomments&post=658"}],"version-history":[{"count":4,"href":"https:\/\/www.bon-cosmetics.at\/index.php?rest_route=\/wp\/v2\/pages\/658\/revisions"}],"predecessor-version":[{"id":689,"href":"https:\/\/www.bon-cosmetics.at\/index.php?rest_route=\/wp\/v2\/pages\/658\/revisions\/689"}],"wp:attachment":[{"href":"https:\/\/www.bon-cosmetics.at\/index.php?rest_route=%2Fwp%2Fv2%2Fmedia&parent=658"}],"curies":[{"name":"wp","href":"https:\/\/api.w.org\/{rel}","templated":true}]}}